95
Calculate the highest common factor of 75159 and 136339.
7
What is the greatest common factor of 2873 and 1957975?
17
What is the highest common divisor of 82492 and 289214?
82
What is the highest common divisor of 1475093 and 4393?
191
What is the greatest common divisor of 10487761 and 296?
37
Calculate the greatest common divisor of 2912993 and 4141537.
4799
Calculate the highest common factor of 88 and 24262024.
8
Calculate the highest common factor of 198 and 35631486.
198
Calculate the highest common divisor of 18 and 64124874.
18
What is the greatest common divisor of 391 and 134830281?
17
Calculate the highest common factor of 1076768 and 19019.
1463
What is the highest common factor of 30467115 and 45?
45
What is the greatest common factor of 32672 and 4010144?
32
Calculate the greatest common divisor of 22068 and 2691.
9
Calculate the greatest common factor of 58089 and 1094579.
1139
Calculate the highest common divisor of 2782 and 470931396.
2782
Calculate the highest common divisor of 12015 and 59130.
135
Calculate the greatest common divisor of 10 and 14433180.
10
Calculate the greatest common divisor of 36912 and 27088.
16
What is the highest common divisor of 146390 and 10870?
10
Calculate the highest common divisor of 13256596 and 174.
58
Calculate the highest common factor of 67942 and 7591780.
2954
Calculate the greatest common factor of 36600593 and 83.
83
What is the greatest common divisor of 1360310 and 15?
5
Calculate the highest common factor of 460462 and 196214.
986
Calculate the highest common factor of 1386 and 3805362.
198
What is the greatest common factor of 1030 and 15537241?
103
What is the greatest common factor of 3375 and 44140491?
27
Calculate the highest common divisor of 900 and 65249460.
180
What is the highest common divisor of 136 and 728403828?
68
Calculate the highest common divisor of 7 and 13499927.
7
Calculate the greatest common factor of 33655 and 465455.
635
What is the greatest common divisor of 157249664 and 1278?
142
Calculate the highest common divisor of 7777 and 44597762.
1111
What is the greatest common factor of 342156569 and 1598?
799
Calculate the greatest common divisor of 65 and 299727558.
13
Calculate the greatest common divisor of 384 and 119111232.
192
What is the highest common divisor of 27321974 and 124?
62
Calculate the highest common factor of 58506 and 575110.
398
Calculate the greatest common divisor of 152628 and 3435096.
1932
Calculate the highest common divisor of 11624 and 323094892.
5812
Calculate the greatest common divisor of 28687487 and 4.
1
What is the greatest common divisor of 382435 and 395?
5
What is the greatest common divisor of 7497486 and 636?
318
What is the highest common divisor of 9452 and 74188?
68
Calculate the greatest common factor of 1588850 and 15050.
2150
What is the highest common factor of 3029616 and 3660?
12
Calculate the greatest common divisor of 1144 and 3333704.
88
Calculate the highest common factor of 2761 and 321673.
11
Calculate the highest common divisor of 252181296 and 432.
432
Calculate the greatest common factor of 38683 and 93069.
383
Calculate the highest common factor of 75570 and 2602585.
1145
Calculate the greatest common divisor of 8 and 43350064.
8
What is the greatest common divisor of 934 and 14925787?
467
Calculate the greatest common divisor of 11 and 156415248.
11
Calculate the greatest common divisor of 23335725 and 5145.
105
Calculate the greatest common divisor of 17741647 and 14.
7
Calculate the greatest common factor of 50012111 and 8180.
409
Calculate the highest common divisor of 11 and 411274391.
11
Calculate the highest common factor of 352995058 and 353.
353
Calculate the greatest common divisor of 22 and 54371218.
22
Calculate the highest common divisor of 316224 and 34892.
244
Calculate the greatest common divisor of 103132 and 22993952.
4484
What is the highest common factor of 14101216 and 93728?
3232
What is the highest common divisor of 3383 and 1375090?
199
What is the greatest common divisor of 4868442 and 228762?
3222
Calculate the highest common factor of 1991 and 22030777.
181
Calculate the highest common factor of 1774182 and 13987.
197
What is the greatest common divisor of 14326715 and 26?
13
Calculate the highest common factor of 42978 and 80736.
174
Calculate the highest common divisor of 92738 and 1182276.
178
Calculate the greatest common factor of 465 and 38795865.
15
What is the highest common divisor of 1749329349 and 186?
93
What is the highest common divisor of 17560 and 644452?
1756
What is the highest common divisor of 215756037 and 126?
63
What is the highest common factor of 5 and 1406765?
5
What is the highest common factor of 3842861 and 141?
47
Calculate the greatest common factor of 14193 and 22078.
1577
What is the highest common divisor of 8304 and 20112?
48
Calculate the highest common factor of 49924504 and 2072.
56
Calculate the highest common divisor of 1470175 and 124.
31
What is the greatest common divisor of 1710 and 107660270?
190
What is the greatest common divisor of 12378 and 825779703?
6189
Calculate the highest common divisor of 4713683 and 55991.
949
Calculate the greatest common factor of 132896 and 23543357.
4153
Calculate the greatest common divisor of 15120 and 19602.
54
Calculate the greatest common factor of 66955681 and 260.
13
What is the greatest common divisor of 38029 and 2485307?
2237
Calculate the highest common divisor of 915503143 and 571.
571
What is the greatest common divisor of 124176 and 220293?
597
Calculate the highest common divisor of 395850075 and 30.
15
What is the highest common divisor of 78925123 and 6406?
3203
Calculate the highest common factor of 558 and 39257873.
31
Calculate the greatest common factor of 122 and 199659649.
61
What is the highest common factor of 71406211 and 212?
53
What is the highest common factor of 618 and 5837226918?
618
Calculate the greatest common divisor of 299685 and 10.
5
Calculate the greatest common divisor of 137979 and 19029.
3
What is the greatest common divisor of 2550206 and 1424?
178
What is the greatest common divisor of 35070 and 3493?
7
What is the highest common divisor of 5307 and 268583732?
1769
Calculate the highest common factor of 14697125 and 125.
125
What is the greatest common factor of 1032330 and 192?
6
What is the greatest common factor of 64 and 7351316032?
64
What is the highest common divisor of 22 and 83451676?
22
What is the greatest common factor of 19667 and 11988837?
277
What is the highest common divisor of 98 and 507047198?
98
What is the greatest common factor of 6014392 and 8?
8
Calculate the greatest common divisor of 84994 and 1337.
7
What is the highest common factor of 405108 and 2377782?
594
Calculate the highest common factor of 75411 and 271719.
1197
Calculate the highest common factor of 7168 and 122913.
7
What is the greatest common divisor of 15960 and 6069930?
570
What is the highest common factor of 87379560 and 2106?
162
Calculate the greatest common divisor of 13041 and 599347.
7
What is the greatest common divisor of 94 and 619381839?
47
Calculate the greatest common divisor of 37255 and 79621386.
7451
Calculate the highest common divisor of 8949950 and 38.
38
What is the highest common divisor of 372 and 71980698?
186
Calculate the greatest common divisor of 1229976 and 44.
44
Calculate the highest common divisor of 50655 and 77.
11
Calculate the highest common divisor of 3 and 128859036.
3
What is the greatest common divisor of 36023 and 18785?
221
What is the highest common divisor of 35 and 84956515?
35
What is the greatest common factor of 66241 and 1449?
7
Calculate the highest common divisor of 8472263 and 87.
29
What is the highest common factor of 398541 and 1544927?
929
What is the highest common factor of 19912779 and 98325?
3933
What is the highest common factor of 198480 and 24560?
80
What is the greatest common divisor of 23 and 2143846997?
23
Calculate the greatest common divisor of 23564261 and 1071.
119
Calculate the greatest common divisor of 2294319 and 8856.
123
Calculate the greatest common divisor of 152 and 1293944.
8
Calculate the greatest common divisor of 2445820 and 10.
10
What is the highest common divisor of 130 a